[INFO] cloning repository https://github.com/CipherWang/ckb-vm-wrapper
[INFO] running `Command { std: "git" "-c" "credential.helper=" "-c" "credential.helper=/workspace/cargo-home/bin/git-credential-null" "clone" "--bare" "https://github.com/CipherWang/ckb-vm-wrapper" "/workspace/cache/git-repos/https%3A%2F%2Fgithub.com%2FCipherWang%2Fckb-vm-wrapper", kill_on_drop: false }`
[INFO] [stderr] Cloning into bare repository '/workspace/cache/git-repos/https%3A%2F%2Fgithub.com%2FCipherWang%2Fckb-vm-wrapper'...
[INFO] running `Command { std: "git" "rev-parse" "HEAD", kill_on_drop: false }`
[INFO] [stdout] 02d3cfd29737a123344c60f0a41940155df150ad
[INFO] checking CipherWang/ckb-vm-wrapper against try#72f88fc4e9458f89516a0b8b0868f3718aec5b47 for pr-74989
[INFO] running `Command { std: "git" "clone" "/workspace/cache/git-repos/https%3A%2F%2Fgithub.com%2FCipherWang%2Fckb-vm-wrapper" "/workspace/builds/worker-9/source", kill_on_drop: false }`
[INFO] [stderr] Cloning into '/workspace/builds/worker-9/source'...
[INFO] [stderr] done.
[INFO] validating manifest of git repo https://github.com/CipherWang/ckb-vm-wrapper on toolchain 72f88fc4e9458f89516a0b8b0868f3718aec5b47
[INFO] running `Command { std: "/workspace/cargo-home/bin/cargo" "+72f88fc4e9458f89516a0b8b0868f3718aec5b47" "read-manifest" "--manifest-path" "Cargo.toml", kill_on_drop: false }`
[INFO] started tweaking git repo https://github.com/CipherWang/ckb-vm-wrapper
[INFO] removed path dependency ckb-vm from git repo https://github.com/CipherWang/ckb-vm-wrapper
[INFO] finished tweaking git repo https://github.com/CipherWang/ckb-vm-wrapper
[INFO] tweaked toml for git repo https://github.com/CipherWang/ckb-vm-wrapper written to /workspace/builds/worker-9/source/Cargo.toml
[INFO] crate git repo https://github.com/CipherWang/ckb-vm-wrapper already has a lockfile, it will not be regenerated
[INFO] running `Command { std: "/workspace/cargo-home/bin/cargo" "+72f88fc4e9458f89516a0b8b0868f3718aec5b47" "fetch" "--locked" "--manifest-path" "Cargo.toml", kill_on_drop: false }`
[INFO] [stderr] warning: dependency (ckb-vm) specified without providing a local path, Git repository, or version to use. This will be considered an error in future versions
[INFO] [stderr]     Updating crates.io index
[INFO] [stderr] error: the lock file /workspace/builds/worker-9/source/Cargo.lock needs to be updated but --locked was passed to prevent this
[INFO] [stderr] If you want to try to generate the lock file without accessing the network, use the --offline flag.
[INFO] the lockfile is outdated, regenerating it
[INFO] running `Command { std: "/workspace/cargo-home/bin/cargo" "+72f88fc4e9458f89516a0b8b0868f3718aec5b47" "generate-lockfile" "--manifest-path" "Cargo.toml" "-Zno-index-update", kill_on_drop: false }`
[INFO] running `Command { std: "/workspace/cargo-home/bin/cargo" "+72f88fc4e9458f89516a0b8b0868f3718aec5b47" "fetch" "--locked" "--manifest-path" "Cargo.toml", kill_on_drop: false }`
[INFO] [stderr] warning: dependency (ckb-vm) specified without providing a local path, Git repository, or version to use. This will be considered an error in future versions
[INFO] [stderr]  Downloading crates ...
[INFO] [stderr]   Downloaded ckb-vm-definitions v0.19.1
[INFO] [stderr]   Downloaded goblin v0.2.3
[INFO] [stderr]   Downloaded ckb-vm v0.19.1
[INFO] running `Command { std: "docker" "create" "-v" "/var/lib/crater-agent-workspace/builds/worker-9/target:/opt/rustwide/target:rw,Z" "-v" "/var/lib/crater-agent-workspace/builds/worker-9/source:/opt/rustwide/workdir:ro,Z" "-v" "/var/lib/crater-agent-workspace/cargo-home:/opt/rustwide/cargo-home:ro,Z" "-v" "/var/lib/crater-agent-workspace/rustup-home:/opt/rustwide/rustup-home:ro,Z" "-e" "SOURCE_DIR=/opt/rustwide/workdir" "-e" "CARGO_TARGET_DIR=/opt/rustwide/target" "-e" "CARGO_HOME=/opt/rustwide/cargo-home" "-e" "RUSTUP_HOME=/opt/rustwide/rustup-home" "-w" "/opt/rustwide/workdir" "-m" "1610612736" "--user" "0:0" "--network" "none" "rustops/crates-build-env@sha256:d92eaeed33fa75130ca1ee6c8a01d1ffb62bac859dfdfb3450e3e5d1c0146529" "/opt/rustwide/cargo-home/bin/cargo" "+72f88fc4e9458f89516a0b8b0868f3718aec5b47" "metadata" "--no-deps" "--format-version=1", kill_on_drop: false }`
[INFO] [stdout] f9c686d6d71719922ef3963f30ea43483d91d5f3e724aec7fab8b4f1e626aad5
[INFO] [stderr] WARNING: Your kernel does not support swap limit capabilities or the cgroup is not mounted. Memory limited without swap.
[INFO] running `Command { std: "docker" "start" "-a" "f9c686d6d71719922ef3963f30ea43483d91d5f3e724aec7fab8b4f1e626aad5", kill_on_drop: false }`
[INFO] running `Command { std: "docker" "inspect" "f9c686d6d71719922ef3963f30ea43483d91d5f3e724aec7fab8b4f1e626aad5", kill_on_drop: false }`
[INFO] running `Command { std: "docker" "rm" "-f" "f9c686d6d71719922ef3963f30ea43483d91d5f3e724aec7fab8b4f1e626aad5", kill_on_drop: false }`
[INFO] [stdout] f9c686d6d71719922ef3963f30ea43483d91d5f3e724aec7fab8b4f1e626aad5
[INFO] running `Command { std: "docker" "create" "-v" "/var/lib/crater-agent-workspace/builds/worker-9/target:/opt/rustwide/target:rw,Z" "-v" "/var/lib/crater-agent-workspace/builds/worker-9/source:/opt/rustwide/workdir:ro,Z" "-v" "/var/lib/crater-agent-workspace/cargo-home:/opt/rustwide/cargo-home:ro,Z" "-v" "/var/lib/crater-agent-workspace/rustup-home:/opt/rustwide/rustup-home:ro,Z" "-e" "SOURCE_DIR=/opt/rustwide/workdir" "-e" "CARGO_TARGET_DIR=/opt/rustwide/target" "-e" "CARGO_INCREMENTAL=0" "-e" "RUST_BACKTRACE=full" "-e" "RUSTFLAGS=--cap-lints=forbid" "-e" "CARGO_HOME=/opt/rustwide/cargo-home" "-e" "RUSTUP_HOME=/opt/rustwide/rustup-home" "-w" "/opt/rustwide/workdir" "-m" "1610612736" "--user" "0:0" "--network" "none" "rustops/crates-build-env@sha256:d92eaeed33fa75130ca1ee6c8a01d1ffb62bac859dfdfb3450e3e5d1c0146529" "/opt/rustwide/cargo-home/bin/cargo" "+72f88fc4e9458f89516a0b8b0868f3718aec5b47" "check" "--frozen" "--all" "--all-targets" "--message-format=json", kill_on_drop: false }`
[INFO] [stderr] WARNING: Your kernel does not support swap limit capabilities or the cgroup is not mounted. Memory limited without swap.
[INFO] [stdout] 10c9e1b5664866a6ce44312e9811e0b2ffc6a187c489644a057a78b5ce2f95bc
[INFO] running `Command { std: "docker" "start" "-a" "10c9e1b5664866a6ce44312e9811e0b2ffc6a187c489644a057a78b5ce2f95bc", kill_on_drop: false }`
[INFO] [stderr] warning: dependency (ckb-vm) specified without providing a local path, Git repository, or version to use. This will be considered an error in future versions
[INFO] [stderr]    Compiling proc-macro2 v1.0.21
[INFO] [stderr]    Compiling unicode-xid v0.2.1
[INFO] [stderr]    Compiling syn v1.0.40
[INFO] [stderr]    Compiling libc v0.2.77
[INFO] [stderr]     Checking cfg-if v0.1.10
[INFO] [stderr]    Compiling byteorder v1.3.4
[INFO] [stderr]     Checking plain v0.2.3
[INFO] [stderr]     Checking ckb-vm-definitions v0.19.1
[INFO] [stderr]    Compiling ckb-vm v0.19.1
[INFO] [stderr]     Checking log v0.4.11
[INFO] [stderr]    Compiling quote v1.0.7
[INFO] [stderr]     Checking memmap v0.7.0
[INFO] [stderr]    Compiling scroll_derive v0.10.2
[INFO] [stderr]    Compiling derive_more v0.99.10
[INFO] [stderr]     Checking scroll v0.10.1
[INFO] [stderr]     Checking goblin v0.2.3
[INFO] [stderr]     Checking ckb-vm-wrapper v0.1.0 (/opt/rustwide/workdir)
[INFO] [stdout] error[E0308]: mismatched types
[INFO] [stdout]   --> src/main.rs:19:48
[INFO] [stdout]    |
[INFO] [stdout] 19 |     let result = run::<u64, SparseMemory<u64>>(&buffer, &vec![
[INFO] [stdout]    |                                                ^^^^^^^ expected struct `bytes::bytes::Bytes`, found struct `Vec`
[INFO] [stdout]    |
[INFO] [stdout]    = note: expected reference `&bytes::bytes::Bytes`
[INFO] [stdout]               found reference `&Vec<u8>`
[INFO] [stdout] 
[INFO] [stdout] 
[INFO] [stdout] error[E0308]: mismatched types
[INFO] [stdout]   --> src/main.rs:19:57
[INFO] [stdout]    |
[INFO] [stdout] 19 |       let result = run::<u64, SparseMemory<u64>>(&buffer, &vec![
[INFO] [stdout]    |  _________________________________________________________^
[INFO] [stdout] 20 | |             b"simple".to_vec(),     // arg 1
[INFO] [stdout] 21 | |             pramater.to_vec(),        // arg 2
[INFO] [stdout] 22 | |         ]);
[INFO] [stdout]    | |_________^ expected slice, found struct `Vec`
[INFO] [stdout]    |
[INFO] [stdout]    = note: expected reference `&[bytes::bytes::Bytes]`
[INFO] [stdout]               found reference `&Vec<Vec<u8>>`
[INFO] [stdout] 
[INFO] [stdout] 
[INFO] [stdout] error: aborting due to 2 previous errors
[INFO] [stdout] 
[INFO] [stdout] 
[INFO] [stdout] For more information about this error, try `rustc --explain E0308`.
[INFO] [stdout] 
[INFO] [stdout] error[E0308]: mismatched types
[INFO] [stdout]   --> src/main.rs:19:48
[INFO] [stdout]    |
[INFO] [stdout] 19 |     let result = run::<u64, SparseMemory<u64>>(&buffer, &vec![
[INFO] [stdout]    |                                                ^^^^^^^ expected struct `bytes::bytes::Bytes`, found struct `Vec`
[INFO] [stdout]    |
[INFO] [stdout]    = note: expected reference `&bytes::bytes::Bytes`
[INFO] [stdout]               found reference `&Vec<u8>`
[INFO] [stdout] 
[INFO] [stdout] 
[INFO] [stderr] error: could not compile `ckb-vm-wrapper`.
[INFO] [stderr] 
[INFO] [stderr] To learn more, run the command again with --verbose.
[INFO] [stderr] warning: build failed, waiting for other jobs to finish...
[INFO] [stdout] error[E0308]: mismatched types
[INFO] [stdout]   --> src/main.rs:19:57
[INFO] [stdout]    |
[INFO] [stdout] 19 |       let result = run::<u64, SparseMemory<u64>>(&buffer, &vec![
[INFO] [stdout]    |  _________________________________________________________^
[INFO] [stdout] 20 | |             b"simple".to_vec(),     // arg 1
[INFO] [stdout] 21 | |             pramater.to_vec(),        // arg 2
[INFO] [stdout] 22 | |         ]);
[INFO] [stdout]    | |_________^ expected slice, found struct `Vec`
[INFO] [stdout]    |
[INFO] [stdout]    = note: expected reference `&[bytes::bytes::Bytes]`
[INFO] [stdout]               found reference `&Vec<Vec<u8>>`
[INFO] [stdout] 
[INFO] [stdout] 
[INFO] [stdout] error: aborting due to 2 previous errors
[INFO] [stdout] 
[INFO] [stdout] 
[INFO] [stdout] For more information about this error, try `rustc --explain E0308`.
[INFO] [stdout] 
[INFO] [stderr] error: build failed
[INFO] running `Command { std: "docker" "inspect" "10c9e1b5664866a6ce44312e9811e0b2ffc6a187c489644a057a78b5ce2f95bc", kill_on_drop: false }`
[INFO] running `Command { std: "docker" "rm" "-f" "10c9e1b5664866a6ce44312e9811e0b2ffc6a187c489644a057a78b5ce2f95bc", kill_on_drop: false }`
[INFO] [stdout] 10c9e1b5664866a6ce44312e9811e0b2ffc6a187c489644a057a78b5ce2f95bc
